5055 (base 6) to base 3.
-2221202022
Convert -21022221222 (base 3) to base 15.
-2cb5e
Convert 1cac7c8 (base 13) to base 7.
144363434
Convert 103550130 (base 6) to base 8.
7072446
200362 (base 8) to base 16
100f2
Convert 12111200011001 (base 3) to base 9.
5450131
Convert -11502155 (base 7) to base 8.
-3723722
-14523232 (base 7) to base 10
-1384126
Convert -a8936 (base 11) to base 6.
-3220202
Convert -186782 (base 15) to base 6.
-41232122
Convert -2018421 (base 11) to base 16.
-367516
-11202212100112 (base 3) to base 10
-2536448
What is 6ee58 (base 16) in base 7?
3601202
-2233466 (base 7) to base 15
-572c8
-1065633 (base 9) to base 14
-10d772
-401423 (base 10) to base 14
-a6411
Convert a32757 (base 11) to base 12.
67b5b0
Convert -14140431 (base 5) to base 6.
-3045342
Convert 23040346 (base 8) to base 9.
10356061
Convert -30b59 (base 14) to base 9.
-188136
What is 302013230233 (base 4) in base 16?
c87b2f
Convert -1022122 (base 7) to base 15.
-26787
-3538508 (base 9) to base 13
-520b3b
Convert 1d2bb (base 16) to base 9.
201808
Convert -800105 (base 9) to base 4.
-1303112132
What is 101011011110011110 (base 2) in base 6?
3452234
Convert -1010000000000011000001 (base 2) to base 15.
-36bba8
What is 7a158 (base 12) in base 5?
20201034
2220530 (base 7) to base 10
273980
-120210220333 (base 4) to base 11
-36aa691
1031203302 (base 4) to base 13
b17a1
What is 10210331 (base 5) in base 14?
2301d
What is 2413444243 (base 5) in base 7?
65451466
Convert 1112200110112 (base 3) to base 9.
1480415
2ea69 (base 16) to base 9
321102
-14061 (base 13) to base 5
-2144203
-313e7 (base 15) to base 4
-212013232
45844 (base 9) to base 6
353321
101330121120 (base 4) to base 3
22211222110000
4241b5 (base 15) to base 12
1080545
231443114 (base 5) to base 13
2a8533
240311 (base 5) to base 7
34514
What is -20101230221 (base 4) in base 12?
-8876b5
What is a9d833 (base 16) in base 10?
11130931
Convert 1221613 (base 10) to base 3.
2022001201221
What is -1000101110000100001 (base 2) in base 3?
-112111221120
Convert -120010220221212 (base 3) to base 2.
-11110101101000011011010
What is 22130322 (base 5) in base 14?
50283
21021102110101 (base 3) to base 9
7242411
111001010100111000 (base 2) to base 7
1665400
What is 1352724 (base 8) in base 12?
165384
-1001110010001111111 (base 2) to base 3
-121021211112
Convert a8b62 (base 14) to base 8.
1435442
What is -26528103 (base 9) in base 4?
-301312221003
-43517 (base 9) to base 4
-13002310
-14aa5 (base 12) to base 5
-1413323
5046445 (base 7) to base 8
2224110
2144142 (base 6) to base 9
173038
Convert 351323 (base 6) to base 15.
8dec
Convert 4291a (base 11) to base 4.
33032000
Convert -15d4c7 (base 15) to base 4.
-10002022312
Convert 1101101011110001111 (base 2) to base 5.
103322044
Convert 11324301420 (base 5) to base 15.
1242190
-30b7f (base 16) to base 3
-101010201210
What is 1dd430 (base 14) in base 2?
100000110001001000010
-21dd22 (base 15) to base 9
-3033015
c003 (base 14) to base 5
2023211
What is 2224260 (base 7) in base 8?
1031432
-434443003 (base 5) to base 13
-50842a
83c2f (base 16) to base 9
1012281
Convert -4615317 (base 8) to base 4.
-10301223033
-101446611 (base 7) to base 14
-b12878
-661353 (base 7) to base 9
-185730
Convert -29698 (base 13) to base 8.
-230322
Convert -21c0d (base 15) to base 9.
-173214
Convert 1c077 (base 13) to base 9.
83426
Convert 2022256 (base 7) to base 14.
63b2d
Convert -32112200 (base 4) to base 6.
-1132052
94135 (base 13) to base 15
53c6a
14521 (base 14) to base 13
19c30
-4434524 (base 7) to base 11
-343796
What is 1110011101101110000 (base 2) in base 10?
473968
What is 33a2b (base 12) in base 5?
4200432
What is -17503 (base 15) in base 5?
-4403003
What is 20672 (base 14) in base 2?
10011000100011100
Convert 177c50 (base 15) to base 16.
1165b6
Convert 9a3e2f (base 16) to base 7.
151630511
2534231 (base 7) to base 6
11010352
What is -150120054 (base 7) in base 13?
-208a06a
What is -98ba28 (base 14) in base 9?
-10664461
What is 141814 (base 12) in base 9?
560067
Convert -203501503 (base 7) to base 15.
-10b5c6a
Convert -45561714 (base 8) to base 4.
-211232033030
Convert 105512451 (base 6) to base 15.
288d04
Convert -408017 (base 9) to base 5.
-30221134
b13dd (base 15) to base 2
10001000111111101101
Convert -31111313132 (base 4) to base 11.
-1a7974a
Convert -1101010001100011 (base 2) to base 3.
-2202120202
-12258 (base 16) to base 10
-74328
What is -1ba6376 (base 14) in base 13?
-2b3a855
Convert -13824a6 (base 13) to base 4.
-113203122232
-233374 (base 9) to base 4
-202033312
-2102200201102 (base 3) to base 9
-2380642
Convert -34012233 (base 5) to base 14.
-7a76a
-102a58 (base 12) to base 15
-502eb
Convert -1202022211022 (base 3) to base 4.
-3203123033
10110100111001001111000 (base 2) to base 10
5927544
What is -7666 (base 15) in base 3?
-1021101120
136210 (base 12) to base 13
b357a
Convert -12262715 (base 8) to base 16.
-2965cd
Convert 103097 (base 14) to base 11.
3433a6
Convert -62153 (base 9) to base 4.
-21333321
What is 1777537 (base 10) in base 16?
1b1f81
-111bca6 (base 13) to base 16
-502782
Convert 54115 (base 10) to base 3.
2202020021
What is 60cca (base 13) in base 15?
3665a
What is 515401 (base 7) in base 14?
242a8
ba402a (base 15) to base 7
135263362
Convert 494b2 (base 14) to base 7.
1344512
Convert aca30 (base 14) to base 6.
12552122
-379d4 (base 15) to base 7
-1340101
Convert 927362 (base 10) to base 7.
10611452
What is -1991398 (base 10) in base 4?
-13212023212
Convert -101000000010000111111 (base 2) to base 9.
-2418413
What is 62500 (base 12) in base 9?
215350
-2dcbb0 (base 14) to base 6
-54303022
-664504 (base 7) to base 6
-2301021
Convert -8c43 (base 13) to base 15.
-5c59
What is -202133111021 (base 4) in base 12?
-3040235
What is 122322101330 (base 4) in base 10?
7054460
Convert -1144243 (base 8) to base 4.
-1030202203
52530311 (base 7) to base 10
4444406
30ea1 (base 16) to base 10
200353
What is -155c1 (base 16) in base 15?
-1adc9
Convert 11132453 (base 6) to base 15.
6a610
What is 210125403 (base 6) in base 9?
6773813
4103112014 (base 5) to base 8
37371071
What is 127354 (base 12) in base 8?
1117460
-52131311 (base 6) to base 4
-11233123123
Convert 3002100220 (base 4) to base 10.
795688
16321351 (base 7) to base 13
4366a5
What is 15335404 (base 6) in base 9?
1015014
Convert -1259b (base 12) to base 2.
-110000111000111
What is -459cc (base 13) in base 3?
-20110002200
-3102608 (base 9) to base 4
-12110020130
Convert a0622 (base 11) to base 14.
3b8b6
-3ac8 (base 14) to base 8
-24200
Convert 226366 (base 7) to base 11.
28612
What is 2232644 (base 7) in base 10?
277127
What is -433911 (base 11) in base 16?
-a93e5
Convert 32330011 (base 4) to base 9.
102837
What is -3261404 (base 7) in base 3?
-202101202202
-429650 (base 12) to base 7
-11644530
Convert 7337275 (base 8) to base 3.
10200001001000
What is -503051041 (base 6) in base 12?
-2a40a81
What is -5c0bb (base 14) in base 15?
-46ab8
What is -44240365 (base 7) in base 12?
-1337984
1591773 (base 10) to base 12
6491b9
What is 404114 (base 7) in base 13?
25337
321434212 (base 5) to base 16
14bb5a
1010010101100101111 (base 2) to base 15
6a575
-36520250 (base 7) to base 9
-6126365
2111010221 (base 3) to base 9
74127
Convert -11041221 (base 5) to base 13.
-34b82
Convert -21211102122221 (base 3) to base 15.
-573111
-283757 (base 9) to base 11
-1092aa
Convert -414665 (base 7) to base 11.
-49667
-112283 (base 10) to base 8
-333233
Convert 6036431 (base 7) to base 14.
1489c1
What is -a03e (base 15) in base 9?
-51335
What is -102021112101011 (base 3) in base 10?
-5994112
212201212020 (base 3) to base 15
9365c
What is -706517 (base 8) in base 15?
-48e8d
Convert -1cc5f1 (base 16) to base 8.
-7142761
Convert 12232103 (base 5) to base 13.
417bb
Convert -d6a1 (base 15) to base 7.
-246202
Convert -2641550 (base 7) to base 2.
-1010100100011111111
Convert -100303213101 (base 4) to base 13.
-bb3440
What is a2365 (base 14) in base 2?
1011111010010110101
Convert 11131222 (base 4) to base 14.
8226
14031210 (base 5) to base 12
6a6a0
What is 21211002222 (base 3) in base 14?
4012b
What is 2a977 (base 14) in base 9?
171534
What is -431240342 (base 5) in base 9?
-3375368
156546 (base 9) to base 6
2023323
415a09 (base 13) to base 10
1526417
31e6b (base 16) to b